{"id":377,"date":"2022-09-06T10:21:54","date_gmt":"2022-09-06T10:21:54","guid":{"rendered":"https:\/\/dubmanager.io\/websites\/harlangtoksvigfondet\/?page_id=377"},"modified":"2024-06-14T19:02:32","modified_gmt":"2024-06-14T17:02:32","slug":"visioner","status":"publish","type":"page","link":"https:\/\/harlangtoksvigfondet.dk\/index.php\/visioner\/","title":{"rendered":"Visioner"},"content":{"rendered":"<p>[vc_row][vc_column][vc_column_text]<\/p>\n<blockquote>\n<p>Vi st\u00f8tter et godt budskab<\/p>\n<\/blockquote>\n<p>[\/vc_column_text][vc_column_text]I vores forf\u00e6dres \u00e5nd, stifterne af Harlang &amp; Toksvig Fondet, \u00f8nsker vi at st\u00f8tte gode budskaber. Har du noget p\u00e5 hjertet? En kampagne eller en velg\u00f8rende sag, der fortjener opm\u00e6rksomhed? Vi er klar til at finansiere og s\u00e6tte dette p\u00e5 dagsordenen.<\/p>\n<p>Det eneste krav er, at det skal v\u00e6re af filantropisk karakter og m\u00e5 ikke have kommercielle form\u00e5l.<\/p>\n<p>Fondets overskud kan bruges til legater inden for dansk reklameforskning eller st\u00f8tte velg\u00f8rende, kulturelle eller lignende form\u00e5l, i overensstemmelse med fondets fundats.<\/p>\n<p>Fondets overskud kan blandt andet anvendes til legater til dansk reklameforskning eller som st\u00f8tte til velg\u00f8rende, kulturelle eller andre lignende form\u00e5l, jf. i \u00f8vrigt fondets fundats.<\/p>\n<p>Legatans\u00f8gninger kan indsendes til \u00a0fondet ved at f\u00f8lge vores <a href=\"https:\/\/harlangtoksvigfondet.dk\/index.php\/ansogning\/\">digitale ans\u00f8gningsskema<em><u>.<\/u><\/em><\/a><\/p>\n<p>Der vil ikke blive sendt kvitteringsskrivelser for modtagelse af ans\u00f8gninger.\u00a0 Eventuelle legatmodtagere vil blive orienteret via mail fra fondets formand. L\u00e6s mere om vores ans\u00f8gningsproces <a href=\"https:\/\/harlangtoksvigfondet.dk\/index.php\/harlang-toksvig-fondet\/ansognings-proces\/\">her<\/a><\/p>\n<p>Det bem\u00e6rkes at fondet prioriterer mindre projekter inden for kommunikation og formidling, gerne med et socialt sigte. Til orientering kan oplyses, at fondet i 2022 har st\u00f8ttet en podcastserie vedr\u00f8rende <a href=\"https:\/\/harlangtoksvigfondet.dk\/index.php\/2022\/09\/04\/monsterbrydning-podcast-af-laila-lagermann\/\">m\u00f8nsterbrydning<\/a> og social ulighed i skolen. Og senest i 2023, ungdomsbureauet der arbejder for at at skabe en samfundsengagerede generation af unge. <a href=\"https:\/\/harlangtoksvigfondet.dk\/index.php\/projekter\/\">F\u00f8lg vores projekter<\/a> her p\u00e5 siden.<\/p>\n<p>&nbsp;<\/p>\n<p>Ans\u00f8gninger til Harlang &amp; Toksvig Fondet b\u00f8r v\u00e6re innovative og originale med et klart fokus p\u00e5 at formidle et vigtigt budskab p\u00e5 en engagerende m\u00e5de, i tr\u00e5d med bureauets udgangspunkt i reklamebranchen. Projekter skal have en tydelig filantropisk karakter og sigte mod at gavne samfundet uden kommercielle form\u00e5l. Fondet har tidligere st\u00f8ttet en r\u00e6kke projekter med fokus p\u00e5 at fremme samfundsengagement og adressere sociale udfordringer. Disse projekter har v\u00e6ret forskellige, men de deler alle en ambition om at skabe positiv forandring i samfundet p\u00e5 tv\u00e6rs af klasseskel og generationer. Gennem st\u00f8tte til initiativer, der inddrager unge i samfundsdebatten, unders\u00f8ger sociale uligheder eller st\u00f8tter socialt udsatte grupper, har fondet arbejdet for at opfylde sit form\u00e5l om at fremme gode budskaber og filantropiske form\u00e5l. Fondet prioriterer projekter med et socialt sigte, der adresserer samfundsproblemer eller fremmer social retf\u00e6rdighed. Det er essentielt, at ans\u00f8gningen kommunikerer projektets budskab klart og beskriver, hvordan det vil blive udf\u00f8rt og distribueret. Det er ogs\u00e5 vigtigt at demonstrere projektets gennemf\u00f8rlighed og realisme inden for de angivne ressourcer og tidsrammer. Tidligere erfaring eller succes med lignende projekter kan styrke ans\u00f8gningen. Endvidere er det afg\u00f8rende at have en klar plan for anvendelse af legatmidler og forventningerne til projektets gennemf\u00f8relse og budskabets udbredelse.[\/vc_column_text][vc_row_inner][vc_column_inner][vc_column_text css=&#8221;.vc_custom_1708449839936{margin-bottom: 4% !important;}&#8221;]<\/p>\n<h2>Fonden st\u00f8tter budskaber inden for&#8230;<\/h2>\n<p>[\/vc_column_text][vc_separator color=&#8221;custom&#8221; accent_color=&#8221;#b84006&#8243;][\/vc_column_inner][\/vc_row_inner][\/vc_column][\/vc_row][vc_row][vc_column width=&#8221;1\/4&#8243;][vc_column_text]<\/p>\n<h4 style=\"text-align: center;\">Socialt udsatte<\/h4>\n<p>[\/vc_column_text][vc_single_image image=&#8221;485&#8243; img_size=&#8221;200&#215;200&#8243; alignment=&#8221;center&#8221; style=&#8221;vc_box_rounded&#8221;][\/vc_column][vc_column width=&#8221;1\/4&#8243;][vc_column_text]<\/p>\n<h4 style=\"text-align: center;\">Klima &amp; milj\u00f8<\/h4>\n<p>[\/vc_column_text][vc_single_image image=&#8221;475&#8243; img_size=&#8221;200&#215;200&#8243; alignment=&#8221;center&#8221; style=&#8221;vc_box_rounded&#8221;][\/vc_column][vc_column width=&#8221;1\/4&#8243; css=&#8221;.vc_custom_1708531433518{margin-top: 20px !important;margin-bottom: 20px !important;}&#8221;][vc_column_text]<\/p>\n<h4 style=\"text-align: center;\">Kommunikation<\/h4>\n<p>[\/vc_column_text][vc_single_image image=&#8221;584&#8243; img_size=&#8221;475&#215;475&#8243; alignment=&#8221;center&#8221; style=&#8221;vc_box_rounded&#8221;][\/vc_column][vc_column width=&#8221;1\/4&#8243; css=&#8221;.vc_custom_1708531474491{margin-top: 20px !important;margin-bottom: 20px !important;}&#8221;][vc_column_text]<\/p>\n<h4 style=\"text-align: center;\">Mental sundhed<\/h4>\n<p>[\/vc_column_text][vc_single_image image=&#8221;585&#8243; img_size=&#8221;475&#215;475&#8243; alignment=&#8221;center&#8221;][\/vc_column][\/vc_row][vc_row][vc_column][vc_message color=&#8221;info&#8221; icon_type=&#8221;fontawesome&#8221;]Fondet st\u00f8tter typisk ikke rejse- og arbejdslegater eller tilsvarende.[\/vc_message][vc_btn title=&#8221;Send en ans\u00f8gning&#8221; align=&#8221;center&#8221; i_icon_fontawesome=&#8221;far fa-envelope&#8221; add_icon=&#8221;true&#8221; link=&#8221;url:%2Findex.php%2Fansogning%2F|title:Ans%C3%B8gning&#8221; css=&#8221;.vc_custom_1718384549634{margin-top: 30px !important;margin-bottom: 30px !important;}&#8221;][\/vc_column][\/vc_row][vc_row][vc_column][vc_row_inner][vc_column_inner][vc_column_text css=&#8221;.vc_custom_1708449716841{margin-bottom: 4% !important;}&#8221;]<\/p>\n<h2>Seneste projekter<\/h2>\n<p>[\/vc_column_text][vc_separator color=&#8221;custom&#8221; accent_color=&#8221;#b84006&#8243;][\/vc_column_inner][\/vc_row_inner]\n\t<div class=\"kleo-carousel-container \">\n\t\t<div class=\"kleo-carousel-items kleo-carousel-post\" data-min-items=\"3\"\n\t\t     data-max-items=\"6\">\n\t\t\t<ul class=\"kleo-carousel\">\n\n\t\t\t\t\n<li id=\"post-689\" class=\"post-item col-sm-4 post-689 post type-post status-publish format-standard has-post-thumbnail hentry category-uncategorized\">\n    <article>\n\n\t\t<div class=\"post-image\"><a href=\"https:\/\/harlangtoksvigfondet.dk\/index.php\/2026\/02\/06\/biler-til-ukraine-btu-tryksager\/\" class=\"element-wrap\"><img loading=\"lazy\" decoding=\"async\" width=\"480\" height=\"270\" src=\"https:\/\/harlangtoksvigfondet.dk\/wp-content\/uploads\/2026\/02\/btu-480x270.webp\" class=\"attachment-kleo-post-gallery size-kleo-post-gallery wp-post-image\" alt=\"\" \/><span class=\"hover-element\"><i>+<\/i><\/span><\/a><\/div><!--end post-image-->\n        <div class=\"entry-content\">\n            <h4 class=\"post-title entry-title\"><a href=\"https:\/\/harlangtoksvigfondet.dk\/index.php\/2026\/02\/06\/biler-til-ukraine-btu-tryksager\/\">Biler til Ukraine: BTU tryksager<\/a><\/h4>\n\n            <span class=\"post-meta hidden hide\">\n                <small class=\"meta-author author vcard\"><a class=\"url fn n\" href=\"https:\/\/harlangtoksvigfondet.dk\/index.php\/author\/fabian\/\" title=\"View all POSTS by Fabian\" rel=\"author\"> <span class=\"author-name\">Fabian<\/span><\/a><\/small>, <small><a href=\"https:\/\/harlangtoksvigfondet.dk\/index.php\/2026\/02\/06\/biler-til-ukraine-btu-tryksager\/\" rel=\"bookmark\" class=\"post-time\"><time class=\"entry-date\" datetime=\"2026-02-06T14:53:00+01:00\">februar 6, 2026<\/time><time class=\"modify-date hide hidden updated\" datetime=\"2026-02-06T15:16:50+01:00\">februar 6, 2026<\/time><\/a><\/small>, <small class=\"meta-category\"><a href=\"https:\/\/harlangtoksvigfondet.dk\/index.php\/category\/uncategorized\/\" rel=\"category tag\">Uncategorized<\/a><\/small>            <\/span>\n\n\t\t\t                <hr>\n                <div class=\"entry-summary\">\n\t\t\t\t\t<p>Harlang og Toksvig Fonden har st\u00f8ttet initiativet Biler til Ukraine, fordi projektet leverer konkret og n\u00f8dvendig hj\u00e6lp til Ukraine...<\/p>                <\/div><!-- .entry-summary -->\n\t\t\t        <\/div><!--end post-info-->\n\n    <\/article>\n<\/li>\n<li id=\"post-677\" class=\"post-item col-sm-4 post-677 post type-post status-publish format-standard has-post-thumbnail hentry category-uncategorized\">\n    <article>\n\n\t\t<div class=\"post-image\"><a href=\"https:\/\/harlangtoksvigfondet.dk\/index.php\/2026\/02\/06\/brobyggerne-dialog-kaffe\/\" class=\"element-wrap\"><img loading=\"lazy\" decoding=\"async\" width=\"480\" height=\"270\" src=\"https:\/\/harlangtoksvigfondet.dk\/wp-content\/uploads\/2026\/02\/brobyggerne-dialogkaffe_harlangtoksvig-480x270.png\" class=\"attachment-kleo-post-gallery size-kleo-post-gallery wp-post-image\" alt=\"\" \/><span class=\"hover-element\"><i>+<\/i><\/span><\/a><\/div><!--end post-image-->\n        <div class=\"entry-content\">\n            <h4 class=\"post-title entry-title\"><a href=\"https:\/\/harlangtoksvigfondet.dk\/index.php\/2026\/02\/06\/brobyggerne-dialog-kaffe\/\">Brobyggerne: Dialog kaffe<\/a><\/h4>\n\n            <span class=\"post-meta hidden hide\">\n                <small class=\"meta-author author vcard\"><a class=\"url fn n\" href=\"https:\/\/harlangtoksvigfondet.dk\/index.php\/author\/fabian\/\" title=\"View all POSTS by Fabian\" rel=\"author\"> <span class=\"author-name\">Fabian<\/span><\/a><\/small>, <small><a href=\"https:\/\/harlangtoksvigfondet.dk\/index.php\/2026\/02\/06\/brobyggerne-dialog-kaffe\/\" rel=\"bookmark\" class=\"post-time\"><time class=\"entry-date\" datetime=\"2026-02-06T14:33:43+01:00\">februar 6, 2026<\/time><time class=\"modify-date hide hidden updated\" datetime=\"2026-02-06T14:35:54+01:00\">februar 6, 2026<\/time><\/a><\/small>, <small class=\"meta-category\"><a href=\"https:\/\/harlangtoksvigfondet.dk\/index.php\/category\/uncategorized\/\" rel=\"category tag\">Uncategorized<\/a><\/small>            <\/span>\n\n\t\t\t                <hr>\n                <div class=\"entry-summary\">\n\t\t\t\t\t<p>Harlang og Toksvig Fonden st\u00f8tter Brobyggerne \u2013 Center for Dialogkaffe, fordi vi deler ambitionen om at styrke dialogen og...<\/p>                <\/div><!-- .entry-summary -->\n\t\t\t        <\/div><!--end post-info-->\n\n    <\/article>\n<\/li>\n<li id=\"post-534\" class=\"post-item col-sm-4 post-534 post type-post status-publish format-standard has-post-thumbnail hentry category-uncategorized\">\n    <article>\n\n\t\t<div class=\"post-image\"><a href=\"https:\/\/harlangtoksvigfondet.dk\/index.php\/2024\/02\/20\/ungdomsbureauet\/\" class=\"element-wrap\"><img loading=\"lazy\" decoding=\"async\" width=\"480\" height=\"270\" src=\"https:\/\/harlangtoksvigfondet.dk\/wp-content\/uploads\/2024\/02\/347858632_1307840129768585_2287290865967684991_n-480x270.png\" class=\"attachment-kleo-post-gallery size-kleo-post-gallery wp-post-image\" alt=\"\" \/><span class=\"hover-element\"><i>+<\/i><\/span><\/a><\/div><!--end post-image-->\n        <div class=\"entry-content\">\n            <h4 class=\"post-title entry-title\"><a href=\"https:\/\/harlangtoksvigfondet.dk\/index.php\/2024\/02\/20\/ungdomsbureauet\/\">Ungdomsbureauet<\/a><\/h4>\n\n            <span class=\"post-meta hidden hide\">\n                <small class=\"meta-author author vcard\"><a class=\"url fn n\" href=\"https:\/\/harlangtoksvigfondet.dk\/index.php\/author\/fabian\/\" title=\"View all POSTS by Fabian\" rel=\"author\"> <span class=\"author-name\">Fabian<\/span><\/a><\/small>, <small><a href=\"https:\/\/harlangtoksvigfondet.dk\/index.php\/2024\/02\/20\/ungdomsbureauet\/\" rel=\"bookmark\" class=\"post-time\"><time class=\"entry-date\" datetime=\"2024-02-20T13:14:11+01:00\">februar 20, 2024<\/time><time class=\"modify-date hide hidden updated\" datetime=\"2024-02-21T17:15:34+01:00\">februar 21, 2024<\/time><\/a><\/small>, <small class=\"meta-category\"><a href=\"https:\/\/harlangtoksvigfondet.dk\/index.php\/category\/uncategorized\/\" rel=\"category tag\">Uncategorized<\/a><\/small>            <\/span>\n\n\t\t\t                <hr>\n                <div class=\"entry-summary\">\n\t\t\t\t\t<p>&nbsp; Ungdomsbureauet vil have de unge p\u00e5 talerstolen Ungdomsbureauet vil medvirke til at skabe den mest samfundsengagerede generation af...<\/p>                <\/div><!-- .entry-summary -->\n\t\t\t        <\/div><!--end post-info-->\n\n    <\/article>\n<\/li>\n<li id=\"post-207\" class=\"post-item col-sm-4 post-207 post type-post status-publish format-standard has-post-thumbnail hentry category-uncategorized\">\n    <article>\n\n\t\t<div class=\"post-image\"><a href=\"https:\/\/harlangtoksvigfondet.dk\/index.php\/2022\/09\/04\/monsterbrydning-podcast-af-laila-lagermann\/\" class=\"element-wrap\"><img loading=\"lazy\" decoding=\"async\" width=\"300\" height=\"270\" src=\"https:\/\/harlangtoksvigfondet.dk\/wp-content\/uploads\/2022\/09\/monsterbrydning_laila_lagermann-1-300x270.jpeg\" class=\"attachment-kleo-post-gallery size-kleo-post-gallery wp-post-image\" alt=\"\" \/><span class=\"hover-element\"><i>+<\/i><\/span><\/a><\/div><!--end post-image-->\n        <div class=\"entry-content\">\n            <h4 class=\"post-title entry-title\"><a href=\"https:\/\/harlangtoksvigfondet.dk\/index.php\/2022\/09\/04\/monsterbrydning-podcast-af-laila-lagermann\/\">M\u00f8nsterbrydning Podcast af Laila Lagermann<\/a><\/h4>\n\n            <span class=\"post-meta hidden hide\">\n                <small class=\"meta-author author vcard\"><a class=\"url fn n\" href=\"https:\/\/harlangtoksvigfondet.dk\/index.php\/author\/fabian\/\" title=\"View all POSTS by Fabian\" rel=\"author\"> <span class=\"author-name\">Fabian<\/span><\/a><\/small>, <small><a href=\"https:\/\/harlangtoksvigfondet.dk\/index.php\/2022\/09\/04\/monsterbrydning-podcast-af-laila-lagermann\/\" rel=\"bookmark\" class=\"post-time\"><time class=\"entry-date\" datetime=\"2022-09-04T00:49:53+02:00\">september 4, 2022<\/time><time class=\"modify-date hide hidden updated\" datetime=\"2024-02-21T17:10:22+01:00\">februar 21, 2024<\/time><\/a><\/small>, <small class=\"meta-category\"><a href=\"https:\/\/harlangtoksvigfondet.dk\/index.php\/category\/uncategorized\/\" rel=\"category tag\">Uncategorized<\/a><\/small>            <\/span>\n\n\t\t\t                <hr>\n                <div class=\"entry-summary\">\n\t\t\t\t\t<p>M\u00f8nsterbrydning &#8211; Podcast af Laila Lagermann M\u00f8nsterbrydning &#8211; om social ulighed i skolen. Uddannelses- og ungdomsforsker Laila Lagermann, unders\u00f8ger...<\/p>                <\/div><!-- .entry-summary -->\n\t\t\t        <\/div><!--end post-info-->\n\n    <\/article>\n<\/li>\n<li id=\"post-4\" class=\"post-item col-sm-4 post-4 post type-post status-publish format-standard has-post-thumbnail hentry category-uncategorized\">\n    <article>\n\n\t\t<div class=\"post-image\"><a href=\"https:\/\/harlangtoksvigfondet.dk\/index.php\/2022\/08\/31\/kofoed-skole\/\" class=\"element-wrap\"><img loading=\"lazy\" decoding=\"async\" width=\"300\" height=\"270\" src=\"https:\/\/harlangtoksvigfondet.dk\/wp-content\/uploads\/2022\/09\/Kofoeds-Skole-i-fremtiden-300x270.jpeg\" class=\"attachment-kleo-post-gallery size-kleo-post-gallery wp-post-image\" alt=\"\" \/><span class=\"hover-element\"><i>+<\/i><\/span><\/a><\/div><!--end post-image-->\n        <div class=\"entry-content\">\n            <h4 class=\"post-title entry-title\"><a href=\"https:\/\/harlangtoksvigfondet.dk\/index.php\/2022\/08\/31\/kofoed-skole\/\">Kofoed Skole &#8211; Mennesker med mere<\/a><\/h4>\n\n            <span class=\"post-meta hidden hide\">\n                <small class=\"meta-author author vcard\"><a class=\"url fn n\" href=\"https:\/\/harlangtoksvigfondet.dk\/index.php\/author\/fabian\/\" title=\"View all POSTS by Fabian\" rel=\"author\"> <span class=\"author-name\">Fabian<\/span><\/a><\/small>, <small><a href=\"https:\/\/harlangtoksvigfondet.dk\/index.php\/2022\/08\/31\/kofoed-skole\/\" rel=\"bookmark\" class=\"post-time\"><time class=\"entry-date\" datetime=\"2022-08-31T00:00:00+02:00\">august 31, 2022<\/time><time class=\"modify-date hide hidden updated\" datetime=\"2024-02-20T18:45:46+01:00\">februar 20, 2024<\/time><\/a><\/small>, <small class=\"meta-category\"><a href=\"https:\/\/harlangtoksvigfondet.dk\/index.php\/category\/uncategorized\/\" rel=\"category tag\">Uncategorized<\/a><\/small>            <\/span>\n\n\t\t\t                <hr>\n                <div class=\"entry-summary\">\n\t\t\t\t\t<p>Kofoed skole &#8211; Selveget institution for socialt udsatte P\u00e5 Kofoeds Skole arbejder de med mennesker \u2013 mennesker med mere...<\/p>                <\/div><!-- .entry-summary -->\n\t\t\t        <\/div><!--end post-info-->\n\n    <\/article>\n<\/li>\n\t\t\t<\/ul>\n\t\t<\/div>\n\t\t<div class=\"carousel-arrow\">\n\t\t\t<a class=\"carousel-prev\" href=\"#\"><i class=\"icon-angle-left\"><\/i><\/a>\n\t\t\t<a class=\"carousel-next\" href=\"#\"><i class=\"icon-angle-right\"><\/i><\/a>\n\t\t<\/div>\n\t\t<div class=\"kleo-carousel-post-pager carousel-pager\"><\/div>\n\t<\/div><!--end carousel-container-->\n\n[\/vc_column][\/vc_row]<\/p>\n","protected":false},"excerpt":{"rendered":"<p>[vc_row][vc_column][vc_column_text] Vi st\u00f8tter et godt budskab [\/vc_column_text][vc_column_text]I vores forf\u00e6dres \u00e5nd, stifterne af Harlang &amp; Toksvig Fondet, \u00f8nsker vi at st\u00f8tte gode budskaber. Har du noget p\u00e5 hjertet? En kampagne eller en velg\u00f8rende sag, der fortjener opm\u00e6rksomhed? Vi er klar til at finansiere og s\u00e6tte dette p\u00e5 dagsordenen. Det eneste krav er, at det skal v\u00e6re af filantropisk karakter og m\u00e5 [&hellip;]<\/p>\n","protected":false},"author":1,"featured_media":0,"parent":0,"menu_order":0,"comment_status":"closed","ping_status":"closed","template":"","meta":{"footnotes":""},"class_list":["post-377","page","type-page","status-publish","hentry"],"yoast_head":"<!-- This site is optimized with the Yoast SEO plugin v22.1 - https:\/\/yoast.com\/wordpress\/plugins\/seo\/ -->\n<title>Visioner - Harlang &amp; Toksvig Fondet<\/title>\n<meta name=\"robots\" content=\"index, follow, max-snippet:-1, max-image-preview:large, max-video-preview:-1\" \/>\n<link rel=\"canonical\" href=\"https:\/\/harlangtoksvigfondet.dk\/index.php\/visioner\/\" \/>\n<meta property=\"og:locale\" content=\"da_DK\" \/>\n<meta property=\"og:type\" content=\"article\" \/>\n<meta property=\"og:title\" content=\"Visioner - Harlang &amp; Toksvig Fondet\" \/>\n<meta property=\"og:description\" content=\"[vc_row][vc_column][vc_column_text] Vi st\u00f8tter et godt budskab [\/vc_column_text][vc_column_text]I vores forf\u00e6dres \u00e5nd, stifterne af Harlang &amp; Toksvig Fondet, \u00f8nsker vi at st\u00f8tte gode budskaber. Har du noget p\u00e5 hjertet? En kampagne eller en velg\u00f8rende sag, der fortjener opm\u00e6rksomhed? Vi er klar til at finansiere og s\u00e6tte dette p\u00e5 dagsordenen. Det eneste krav er, at det skal v\u00e6re af filantropisk karakter og m\u00e5 [&hellip;]\" \/>\n<meta property=\"og:url\" content=\"https:\/\/harlangtoksvigfondet.dk\/index.php\/visioner\/\" \/>\n<meta property=\"og:site_name\" content=\"Harlang &amp; Toksvig Fondet\" \/>\n<meta property=\"article:modified_time\" content=\"2024-06-14T17:02:32+00:00\" \/>\n<meta name=\"twitter:card\" content=\"summary_large_image\" \/>\n<meta name=\"twitter:label1\" content=\"Estimeret l\u00e6setid\" \/>\n\t<meta name=\"twitter:data1\" content=\"3 minutter\" \/>\n<script type=\"application\/ld+json\" class=\"yoast-schema-graph\">{\"@context\":\"https:\/\/schema.org\",\"@graph\":[{\"@type\":\"WebPage\",\"@id\":\"https:\/\/harlangtoksvigfondet.dk\/index.php\/visioner\/\",\"url\":\"https:\/\/harlangtoksvigfondet.dk\/index.php\/visioner\/\",\"name\":\"Visioner - Harlang &amp; Toksvig Fondet\",\"isPartOf\":{\"@id\":\"https:\/\/harlangtoksvigfondet.dk\/#website\"},\"datePublished\":\"2022-09-06T10:21:54+00:00\",\"dateModified\":\"2024-06-14T17:02:32+00:00\",\"breadcrumb\":{\"@id\":\"https:\/\/harlangtoksvigfondet.dk\/index.php\/visioner\/#breadcrumb\"},\"inLanguage\":\"da-DK\",\"potentialAction\":[{\"@type\":\"ReadAction\",\"target\":[\"https:\/\/harlangtoksvigfondet.dk\/index.php\/visioner\/\"]}]},{\"@type\":\"BreadcrumbList\",\"@id\":\"https:\/\/harlangtoksvigfondet.dk\/index.php\/visioner\/#breadcrumb\",\"itemListElement\":[{\"@type\":\"ListItem\",\"position\":1,\"name\":\"Home\",\"item\":\"https:\/\/harlangtoksvigfondet.dk\/\"},{\"@type\":\"ListItem\",\"position\":2,\"name\":\"Visioner\"}]},{\"@type\":\"WebSite\",\"@id\":\"https:\/\/harlangtoksvigfondet.dk\/#website\",\"url\":\"https:\/\/harlangtoksvigfondet.dk\/\",\"name\":\"Harlang & Toksvig Fondet\",\"description\":\"Harlang &amp; Toksvig Fondet\",\"publisher\":{\"@id\":\"https:\/\/harlangtoksvigfondet.dk\/#organization\"},\"potentialAction\":[{\"@type\":\"SearchAction\",\"target\":{\"@type\":\"EntryPoint\",\"urlTemplate\":\"https:\/\/harlangtoksvigfondet.dk\/?s={search_term_string}\"},\"query-input\":\"required name=search_term_string\"}],\"inLanguage\":\"da-DK\"},{\"@type\":\"Organization\",\"@id\":\"https:\/\/harlangtoksvigfondet.dk\/#organization\",\"name\":\"Harlang & Toksvig Fondet\",\"url\":\"https:\/\/harlangtoksvigfondet.dk\/\",\"logo\":{\"@type\":\"ImageObject\",\"inLanguage\":\"da-DK\",\"@id\":\"https:\/\/harlangtoksvigfondet.dk\/#\/schema\/logo\/image\/\",\"url\":\"https:\/\/harlangtoksvigfondet.dk\/wp-content\/uploads\/2022\/08\/cropped-harlangtoksvig.png\",\"contentUrl\":\"https:\/\/harlangtoksvigfondet.dk\/wp-content\/uploads\/2022\/08\/cropped-harlangtoksvig.png\",\"width\":512,\"height\":512,\"caption\":\"Harlang & Toksvig Fondet\"},\"image\":{\"@id\":\"https:\/\/harlangtoksvigfondet.dk\/#\/schema\/logo\/image\/\"}}]}<\/script>\n<!-- \/ Yoast SEO plugin. -->","yoast_head_json":{"title":"Visioner - Harlang &amp; Toksvig Fondet","robots":{"index":"index","follow":"follow","max-snippet":"max-snippet:-1","max-image-preview":"max-image-preview:large","max-video-preview":"max-video-preview:-1"},"canonical":"https:\/\/harlangtoksvigfondet.dk\/index.php\/visioner\/","og_locale":"da_DK","og_type":"article","og_title":"Visioner - Harlang &amp; Toksvig Fondet","og_description":"[vc_row][vc_column][vc_column_text] Vi st\u00f8tter et godt budskab [\/vc_column_text][vc_column_text]I vores forf\u00e6dres \u00e5nd, stifterne af Harlang &amp; Toksvig Fondet, \u00f8nsker vi at st\u00f8tte gode budskaber. Har du noget p\u00e5 hjertet? En kampagne eller en velg\u00f8rende sag, der fortjener opm\u00e6rksomhed? Vi er klar til at finansiere og s\u00e6tte dette p\u00e5 dagsordenen. Det eneste krav er, at det skal v\u00e6re af filantropisk karakter og m\u00e5 [&hellip;]","og_url":"https:\/\/harlangtoksvigfondet.dk\/index.php\/visioner\/","og_site_name":"Harlang &amp; Toksvig Fondet","article_modified_time":"2024-06-14T17:02:32+00:00","twitter_card":"summary_large_image","twitter_misc":{"Estimeret l\u00e6setid":"3 minutter"},"schema":{"@context":"https:\/\/schema.org","@graph":[{"@type":"WebPage","@id":"https:\/\/harlangtoksvigfondet.dk\/index.php\/visioner\/","url":"https:\/\/harlangtoksvigfondet.dk\/index.php\/visioner\/","name":"Visioner - Harlang &amp; Toksvig Fondet","isPartOf":{"@id":"https:\/\/harlangtoksvigfondet.dk\/#website"},"datePublished":"2022-09-06T10:21:54+00:00","dateModified":"2024-06-14T17:02:32+00:00","breadcrumb":{"@id":"https:\/\/harlangtoksvigfondet.dk\/index.php\/visioner\/#breadcrumb"},"inLanguage":"da-DK","potentialAction":[{"@type":"ReadAction","target":["https:\/\/harlangtoksvigfondet.dk\/index.php\/visioner\/"]}]},{"@type":"BreadcrumbList","@id":"https:\/\/harlangtoksvigfondet.dk\/index.php\/visioner\/#breadcrumb","itemListElement":[{"@type":"ListItem","position":1,"name":"Home","item":"https:\/\/harlangtoksvigfondet.dk\/"},{"@type":"ListItem","position":2,"name":"Visioner"}]},{"@type":"WebSite","@id":"https:\/\/harlangtoksvigfondet.dk\/#website","url":"https:\/\/harlangtoksvigfondet.dk\/","name":"Harlang & Toksvig Fondet","description":"Harlang &amp; Toksvig Fondet","publisher":{"@id":"https:\/\/harlangtoksvigfondet.dk\/#organization"},"potentialAction":[{"@type":"SearchAction","target":{"@type":"EntryPoint","urlTemplate":"https:\/\/harlangtoksvigfondet.dk\/?s={search_term_string}"},"query-input":"required name=search_term_string"}],"inLanguage":"da-DK"},{"@type":"Organization","@id":"https:\/\/harlangtoksvigfondet.dk\/#organization","name":"Harlang & Toksvig Fondet","url":"https:\/\/harlangtoksvigfondet.dk\/","logo":{"@type":"ImageObject","inLanguage":"da-DK","@id":"https:\/\/harlangtoksvigfondet.dk\/#\/schema\/logo\/image\/","url":"https:\/\/harlangtoksvigfondet.dk\/wp-content\/uploads\/2022\/08\/cropped-harlangtoksvig.png","contentUrl":"https:\/\/harlangtoksvigfondet.dk\/wp-content\/uploads\/2022\/08\/cropped-harlangtoksvig.png","width":512,"height":512,"caption":"Harlang & Toksvig Fondet"},"image":{"@id":"https:\/\/harlangtoksvigfondet.dk\/#\/schema\/logo\/image\/"}}]}},"_links":{"self":[{"href":"https:\/\/harlangtoksvigfondet.dk\/index.php\/wp-json\/wp\/v2\/pages\/377","targetHints":{"allow":["GET"]}}],"collection":[{"href":"https:\/\/harlangtoksvigfondet.dk\/index.php\/wp-json\/wp\/v2\/pages"}],"about":[{"href":"https:\/\/harlangtoksvigfondet.dk\/index.php\/wp-json\/wp\/v2\/types\/page"}],"author":[{"embeddable":true,"href":"https:\/\/harlangtoksvigfondet.dk\/index.php\/wp-json\/wp\/v2\/users\/1"}],"replies":[{"embeddable":true,"href":"https:\/\/harlangtoksvigfondet.dk\/index.php\/wp-json\/wp\/v2\/comments?post=377"}],"version-history":[{"count":42,"href":"https:\/\/harlangtoksvigfondet.dk\/index.php\/wp-json\/wp\/v2\/pages\/377\/revisions"}],"predecessor-version":[{"id":665,"href":"https:\/\/harlangtoksvigfondet.dk\/index.php\/wp-json\/wp\/v2\/pages\/377\/revisions\/665"}],"wp:attachment":[{"href":"https:\/\/harlangtoksvigfondet.dk\/index.php\/wp-json\/wp\/v2\/media?parent=377"}],"curies":[{"name":"wp","href":"https:\/\/api.w.org\/{rel}","templated":true}]}}